 32) - 2
1
Evaluate (17 - 15) + (-1 - -6).
7
What is 0 + (-10 - -11) + -8 + 1?
-6
What is (-2 - -3) + (18 - 25)?
-6
What is -5 + (3 - 7) + 9?
0
What is 5 + -1 + -7 + 3?
0
What is 3 - (11 - (11 + -5))?
-2
What is the value of -7 - -4 - (0 - 3) - 0?
0
Calculate 0 + (2 + -5 + -1 - -1).
-3
4 + (-11 - -9) - (-2 - 0)
4
Calculate (-25 - -11) + 5 + 2 - -1.
-6
Evaluate 24 + -32 - (-6 - -1).
-3
-3 + (8 - 15 - -2) + 9
1
-4 + 2 - (-1 + 4 - 4)
-1
What is the value of -6 + -6 + 11 + -6 + -1?
-8
What is 3 - (4 + (3 - 8) - -5)?
-1
(0 + 1 - 0) + -3 + 2
0
Calculate 5 + 10 + -6 + -10.
-1
What is 3 - 2 - (-1 - -1)?
1
-2 + -2 - 0 - (4 + -3)
-5
Evaluate 1 + -8 + 9 + 5.
7
Evaluate -7 - (0 - -6 - 7).
-6
0 + -7 + (-11 + 5 - -8)
-5
Evaluate -1 + (2 - 0) + (-10 - -4).
-5
Calculate (-1 - -13) + -3 - (-7 + 13).
3
What is 2 - (9 + -5) - -6?
4
What is the value of 0 + (3 + -6 - -6) + -5?
-2
Calculate 8 + 9 + (-13 - 6).
-2
Evaluate 1 - (0 + -5 + 3).
3
Evaluate -13 + 8 + -3 + 4.
-4
What is -30 + 39 + (1 - 7)?
3
6 - (-4 + 7 + -1)
4
What is (9 - (6 - -2)) + 4?
5
What is the value of -2 + (2 - 0) + 1?
1
-1 + -4 + 4 + (-4 - -2)
-3
Calculate (-2 - 2) + 5 + (1 - -5).
7
What is 1 + 10 + -1 - (11 - 6)?
5
(3 + -1 - 4) + 0
-2
(-17 - -4 - 8) + 13
-8
What is the value of -6 + (1 - 2) + 2 + 4?
-1
Calculate -2 + -14 - (20 + -28).
-8
What is 1 + 6 - (-132 - -141)?
-2
Evaluate -12 + 10 + -5 + 9.
2
What is the value of -4 + (-5 + 9 - 0) + -5?
-5
What is -2 + (-9 - -5) + 3?
-3
3 + -6 + -5 + 10 + 1
3
1 + (-1 - 2) + -1
-3
-7 + 14 + 3 + -10
0
Evaluate -2 - -8 - (11 + 0).
-5
Calculate 0 - ((2 - -2) + -1).
-3
Evaluate 9 - (-1 - 2 - -10).
2
Evaluate (4 - (-2 - 4)) + -7.
3
What is 1 + (-1 - 1) + (0 - -3)?
2
What is (0 - -4) + 4 + -14 + 10?
4
Calculate 3 + -10 + 10 + 0.
3
Calculate -2 - (4 + -1 - (3 + -6)).
-8
What is the value of 5 - (-9 - (-7 + 1))?
8
Evaluate (4 - 3 - 1) + -4.
-4
What is 4 - (1 - (5 - (6 - 2)))?
4
What is the value of (1 - (3 - 0)) + 5?
3
What is the value of -4 + 5 + (1 - 3)?
-1
What is the value of (-4 - -4 - 3) + 6 - 4?
-1
(7 - (14 - 3)) + 0
-4
8 + -6 + -10 + 3 + 0
-5
Evaluate -4 + 11 + -8 + -3.
-4
Evaluate -11 + 14 + -8 - 2.
-7
Calculate -2 + -3 + (4 - 3) + 4.
0
Calculate (5 + -5 - -6) + (6 - 11).
1
Calculate 1 + 3 - ((1 - 2) + 1).
4
What is 1 - (-8 - -5) - 3?
1
Evaluate 2 + -3 + 1 + -4.
-4
(-6 - -12) + -3 + 1
4
Calculate 10 - (0 + (3 - 0) + 2).
5
What is the value of 5 + -4 + -5 - -4?
0
What is -4 + (0 - 1) - (-3 - 1)?
-1
Calculate 0 - (-8 + (3 - (-3 - -3))).
5
What is the value of 8 + -13 + 2 + 0?
-3
Evaluate -20 + 6 + 7 - -11.
4
What is the value of 1 - (7 - 5) - 0?
-1
What is 6 + -6 + 4 - (5 + 0)?
-1
Calculate -5 - (0 - 3) - 0.
-2
What is the value of 1 + (-7 - -11 - (1 - -1))?
3
Evaluate -3 + (-3 - (-4 - 6)) - -1.
5
What is -8 - (5 - 26 - -9)?
4
What is the value of 9 + -17 + 2 + 13?
7
(-3 - (-4 + 3)) + 8 + -5
1
Calculate -6 - (-1 + (-2 - -5) + -3).
-5
What is -6 + 4 - (-5 - 5 - -5)?
3
Calculate -9 + (9 - (-6 + 8)).
-2
What is the value of 1 + -2 + 3 + 2?
4
Evaluate -8 - (1 + -3 - 1).
-5
3 - -1 - (12 - (2 + 5))
-1
(-7 - 3 - -11) + -11
-10
5 + (-2 + -8 - (1 + 0))
-6
Calculate 0 + -5 - 0 - (-1 + 0).
-4
What is the value of -1 + (-6 - -2 - -6)?
1
Calculate 14 + (4 - (16 + 2 + -8)).
8
Evaluate -4 + (13 + -4 - 5).
0
Evaluate -7 - (-5 - (-13 - -9)).
-6
What is the value of 0 - (-7 - (1 - (8 - 4)))?
4
4 + -9 + 2 - (-7 + -1)
5
Calculate 2 - ((-4 + -5 - -3) + 1).
7
(-9 - -10) + (5 - 1)
5
Calculate 8 - 13 - (0 - 5).
0
What is the value of 2 + 0 + -3 + -1?
-2
What is the value of 4 - (21 + -1 + -13)?
-3
-4 + 3 + (-2 - 0)
-3
What is the value of 206 - 216 - (-2 - -1)?
-9
Evaluate -8 + -3 + 6 - (1 - -2).
-8
Calculate -11 + -2 - (-20 - (10 + -26)).
-9
What is the value of 13 - (12 + 5) - (-1 - 8)?
5
(-3 - -11) + 6 - 10
4
Evaluate 7 + ((8 - 9) + 1 - 7).
0
What is -5 + 0 + 1 + (-6 - -5)?
-5
Calculate 4 + 0 + (-5 - 1) + -3.
-5
Evaluate -14 - (-9 + -5 + 5).
-5
Calculate 7 + 2 - (5 - -2).
2
Calculate -12 + 11 + (0 + -1 - 2).
-4
Calculate -4 - (-6 + 2 - -3).
-3
What is the value of -2 + 1 + 0 + (295 - 299)?
-5
What is -5 + 6 + -14 - -8?
-5
What is 83 + -87 - (1 + (0 - 0))?
-5
Evaluate 9 + -11 + -8 - (-9 + 3).
-4
Evaluate -3 - 3 - -2 - (1 + -4).
-1
Evaluate (0 - -1) + 9 + -15 + 7.
2
What is (-1 + 6 - -8 - 7) + -2?
4
What is -1 + -3 - (-2 + 1)?
-3
What is the value of 0 + 5 + 4 + -4 + -2?
3
Calculate -2 + (7 - -4) + -5.
4
1 - 10 - (1 + -1 - 2)
-7
What is the value of (-3 - -8) + -1 + (1 - 3)?
2
-1 + 4 - (-9 + 14)
-2
2 - (10 + -4 - (-2 - -2))
-4
What is -1 + (0 - 1) + (-21 - -14)?
-9
Calculate (7 - 0) + -1 + -1.
5
Evaluate 1 - -9 - (10 - 6).
6
What is -8 + 20 + 0 - 18?
-6
Evaluate 3 + (9 + -8 - 8).
-4
Calculate 5 + (2 - (5 + -3)).
5
Calculate (-12 - -8) + 5 - (6 - 0).
-5
What is (-10 + -10 - -9) + 13?
2
Evaluate (4 - 7 - -5) + -1.
1
What is the value of -3 + (-2 - -3) + 2?
0
What is 0 - (4 + -7 + 0)?
3
Calculate 1 + 2 + (-3 - -2) + 2.
4
Calculate (22 - 20) + -5 + -2.
-5
What is -3 - (-10 + 23 - 8)?
-8
What is the value of 4 - (7 - (5 - 0))?
2
What is 4 - (12 - ((5 - 10) + 8))?
-5
(-2 - -3) + (-4 - (-8 - -4))
1
1 + 10 + -23 + 13
1
Calculate (-3 - -8) + -4 + 4.
5
What is the value of 1 - (-1 + 11 + (-9 - -3))?
-3
What is the value of 13 + -6 + -7 - -4?
4
-1 + (-10 - -6 - -6)
1
What is 0 - ((-4 - 2) + 3)?
3
Evaluate -4 - 0 - (7 - 8).
-3
What is -1 + 4 - (2 - 1) - -1?
3
What is -2 + -1 + 0 + 3 - -4?
4
Evaluate -2 + -1 + 5 - (-6 - -5).
3
Evaluate 1 + -1 - (-8 - (-2 - 2)).
4
Calculate (7 - -9 - 9) + (1 - 5).
3
Calculate -3 + 1 + -2 - (33 + -31).
-6
What is the value of -10 + 17 + 13 + -10?
10
Calculate (10 - 8) + 3 + -2.
3
What is the value of 2 + (-2 - 2 - 0) + 4?
2
What is 4 + (-10 + 3 - -3)?
0
What is the value of 1 + 1 + (7 - 12)?
-3
Evaluate (-23 - -10 - -5) + 7.
-1
-12 + 13 - 1 - (-6 - -2)
4
What is (-5 - -1) + 0 + 8?
4
What is -9 + 10 + -2 + 4?
3
Calculate 10 + -5 + (-1 - 6).
-2
What is -3 - -3 - (9 + -4)?
-5
Evaluate (-2 - -2) + (4 - 1) - -2.
5
What is 3 - (7 + -3) - 4?
-5
0 - 3 - (11 + -11) - -4
1
What is 1 - 0 - (-4 + 7 + 0)?
-2
-14 + (-7 - (-5 + -10))
-6
What is (0 - (-4 + 12)) + 6 + -1?
-3
(5 - 6) + -3 - (-7 + 3)
0
What is the value of -8 + 1 + (12 - 5)?
0
Evaluate (0 - 0) + (1 - (-1 - 4)).
6
Calculate -4 + 0 - (-10 - -6 - 7).
7
What is the value of (25 - 25) + -4 + 1 + -1?
-4
Evaluate -9 + 5 - (2 - 1).
-5
Calculate 2 + -4 + -9 - -6.
-5
What is -4 - ((1 - 12) + 21 + -15)?
1
Evaluate 30 + -35 + (0 - 0).
-5
What is the value of 1 - 2 - 7 - (-33 + 27)?
-2
Calculate 7 + 1 + (-3 - (0 - -1)).
4
Calculate -1 + 2 + 1 + (5 - 0).
7
What is 4 + 0 + 2 + -3?
3
Calculate -4 + 13 - (8 - 1).
2
What is the value of 2 + -1 + (-22 - (19 + -37))?
-3
What is the value of 2 + -1 - -2 - (13 - 7)?
-3
What is the value of 2 - ((9 - 4) + -8)?
5
(-60 - -50) + 0 + 9
-1
Calculate 2 - (-2 - 0) - 1.
3
What is -8 + 7 - -4 - 0?
3
What is the value of -2 + -1 + (10 - 13) - -4?
-2
What is the value of 18 - (18 - 9) - 6?
3
What is -4 + -3 + -5 + 3?
-9
What is -6 + -6 - -22 - 15?
-5
What is (4 - 4) + 9 + -8?
1
Evaluate 6 - ((-5 - -2) + 4).
5
4 + -4 - -3 - 1
2
Calculate 2 - 2 - (13 - 11).
-2
What is 1 + 1 - (-14 + 9 + 5)?
2
Evaluate 1 + -5 - (-5 - (-1 + 1)).
1
Calculate (0 - 6) + (7 - (-19 - -23)).
-3
Evaluate (3 - (3 + -9 + 3)) + -1.
5
Evaluate 3 - -6 - (3 - 0).
6
Calculate -6 - (-12 + 10 - -5).
-9
Evaluate -7 - 0 - (-131 - -125).
-1
-1 + 1 - (21 + -9 - 13)
1
What is the value of 8 + (-9 + 19 - 10)?
8
What is (-1 - 1) + -1 + (-6 - -7)?
-2
(5 - 7) + -1 + 0
-3
11 + -14 + 0 + -2
-5
Calculate 13 + -16 + 9 - (-1 - -5).
2
Calculate (-7 - -4) + -5 + -9 + 10.
-7
Evaluate 6 + (0 - 7) + 3 - 0.
2
What is 2 - -1 - (-2 + 0 + 7)?
-2
What is the value of -6 + -4 + 3 - -11?
4
-3 - (-1 - -2 - (1 - 2))
-5
What is (7 + -2 - (1 - 0)) + 1?
5
1 + (1 - -2 - (18 - 14))
0
What is (6 - (-1 + 4 + 0)) + 3?
6
(-7 - -3) + 2 + 4
2
Evaluate 5 + -6 + (2 - 10) + 6.
-3
Calculate -4 + -2 - -3 - (-14 + 4).
7
Evaluate -1 + (10 - 4) - -2.
7
What is 0 + (-4 - (3 + 4 + -6))?
-5
What is -4 - -8 - (-1 + (-4 - -8))?
1
Calculate -3 - (1 + -12 + 4).
4
Evaluate -3 + 10 + -9 + -5.
-7
What is the value of (-8 - -6) + -1 + -4 + 4?
-3
Evaluate 4 - (3 - 7) - (-4 + 4).
8
Calculate -2 + 0 + -1 + (5 - 7).
-5
Evaluate 3 + -1 - (-7 + 18 + -3).
-6
Evaluate (7 - 3 - 3 - 3) + 6.
